
3, 5
Suppose -k + s + 10967 = 0, 4*s = -189*k + 191*k - 21952. List the prime factors of k.
2, 5479
Let w(h) = 11*h - 66. Let z be w(-12). Let f = -33 - z. List the prime factors of f.
3, 5, 11
Let n be (2435/(-10))/1*2. Let j = 299 + n. What are the prime factors of (57/(-38))/(3/j)?
2, 47
Suppose -n = -z - 167, -6*z = -5*n - 10*z + 835. Let c = -82 + n. What are the prime factors of c?
5, 17
Let j(d) = d**3 + 5*d**2 + 6*d + 2. Let q be j(-2). Let p be (68 - q) + (-4)/(8 + -4). Let h = p - -16. What are the prime factors of h?
3
Let h(c) = -4354*c + 1128. What are the prime factors of h(-3)?
2, 3, 5, 11, 43
Suppose -141670 = -8*s + 11*s - 8*s. List the prime factors of s.
2, 31, 457
Suppose 44*t - 36*t - 40 = 0. Suppose -2*v - o + 1161 = -v, v + t*o = 1149. List the prime factors of v.
2, 3, 97
Let g(x) = 53*x**2 - 37*x - 1271. List the prime factors of g(-22).
5, 5039
Suppose -4*s - 9 = 11. Let n(a) = -26*a. What are the prime factors of n(s)?
2, 5, 13
Let a = -1817 + 2851. Let s = a - 263. What are the prime factors of s?
3, 257
Suppose -3*v - 3000 = 7*v. Let c = -2 - v. List the prime factors of c.
2, 149
Let q be 3426/12*(5 - 3). Let k = q - -511. List the prime factors of k/14 - 6/21.
7, 11
Let r = 332 + -183. Suppose 4*u - r = -3*k, -k + 31 = u - 5. Let a = u + -5. What are the prime factors of a?
2, 3
Let m(s) = 4*s**2 + 49*s - 293. What are the prime factors of m(27)?
2, 1973
Let l be -9 - -1 - 84/(-21). Let u = 373 - l. What are the prime factors of u?
13, 29
Suppose 113015 + 7944 = 18*h + 5579. List the prime factors of h.
2, 5, 641
Let n = 21549 - 9812. What are the prime factors of n?
11, 97
Let b(t) be the second derivative of 0 + 1/6*t**3 - 1/20*t**5 - 3/2*t**2 - 5/6*t**4 + 7*t. What are the prime factors of b(-11)?
107
Let r(l) = -561*l + 10300. List the prime factors of r(-87).
59107
Let r(b) = 1786*b**2 + 4344*b - 1. List the prime factors of r(-4).
3, 3733
Let d(s) = 13 - 3 - 10*s - 5*s + 12*s. Let i be d(-5). Suppose -30*o + i*o = -415. List the prime factors of o.
83
Let d be (-44 - 342778) + (-1 - 4). List the prime factors of 1 + (-2)/8 - d/524.
5, 131
Let f(r) = -r**3 - 14*r**2 + 9*r - 198. List the prime factors of f(-28).
2, 19, 277
Let y = -9190 - -13270. List the prime factors of y.
2, 3, 5, 17
Let d = -947 - -2699. Suppose -4*k = -20*h + 22*h - d, -3*h + 2603 = k. What are the prime factors of h?
2, 433
Let x be (-320)/12*-15*(-2)/(-4). Let h = x - 192. What are the prime factors of h?
2
Let r(b) = 4*b**3 - b**2 - 7*b - 12. Let k(a) = a**3 + a**2 - a - 1. Let j(g) = -5*k(g) + r(g). Let v be 0 + -6 + 0/35. List the prime factors of j(v).
5
Suppose -49663 = -11*j + 37358. List the prime factors of j.
3, 293
Let d be (-6 - -8) + (0 - 0). Suppose d*x - 2*i - 9 - 5 = 0, -4*x + 3*i = -26. Suppose -5*u + 214 = -4*c, x*c - 152 - 53 = -5*u. List the prime factors of u.
2, 3, 7
Let w(k) = 6*k + 87. Let y be w(-15). List the prime factors of 6*((-309)/8)/(y/4).
3, 103
Let x be 3*(-5)/(-30) + 26/4. Suppose x*y = -0*y + 23436. What are the prime factors of (6/(-3))/((-24)/y)?
3, 31
Suppose -z - 5 = -8. Suppose 5*h = m - 22, -h = -z*m + 3*h + 33. List the prime factors of m.
7
Suppose -2*a - 27 + 149 = 0. Let j = a + -65. Let o(m) = -3*m**3 - 8*m**2 - m + 2. List the prime factors of o(j).
2, 5, 7
Let b be (-68)/(-16) + (-15)/(-20). Suppose 0 = 5*i + 5, -b*z - 2*i - i = -2362. What are the prime factors of z?
11, 43
Let j = 219 - 666. Let v = 1191 + j. List the prime factors of v.
2, 3, 31
Suppose 0 = 3*k + 155*s - 160*s - 118740, -5*s = -5*k + 197900. List the prime factors of k.
2, 5, 1979
List the prime factors of (174675/35 - 10/(-35)) + -4.
4987
Suppose 669740 = 31*s - 4*s - 93820. What are the prime factors of s?
2, 5, 7, 101
Let n be (-5)/2 - (-861)/42. List the prime factors of (-6)/(n/15) - -408.
13, 31
What are the prime factors of (-420898)/(-18) + (-646)/2907?
67, 349
Let a = -153744 - -225050. What are the prime factors of a?
2, 101, 353
Let w be 4/42 - (-80)/42. Let x be (-43600)/(-64) - w/8. Suppose 0 = -5*t + 2*n - 71 + x, -t - 5*n + 95 = 0. What are the prime factors of t?
2, 3, 5
Let i be ((-57)/(-9) + -3)*-804. Let b = 152 - i. Suppose -5*p + b = 11*p. What are the prime factors of p?
3, 59
Let h = -140 + -66. Let p = -166 - h. What are the prime factors of p?
2, 5
Let g(u) = u**3 - 3*u**2 - 2*u - 6. Let z be g(4). Suppose z*y - 955 = 1683. What are the prime factors of y?
1319
Let t(j) = -635*j - 2264. List the prime factors of t(-25).
3, 13, 349
Let r = -114 - -114. Suppose r = -7*n - 11 + 4. Let p(v) = -100*v. What are the prime factors of p(n)?
2, 5
Let f be (-44)/6 + 50/(-75). Let t be 88 - (3 + f + 3). What are the prime factors of (-1)/(1/(1 - t))?
89
Suppose 34*g = 103*g - 381846. List the prime factors of g.
2, 2767
Suppose -3*y = 3*r - 688 - 7028, 5*y - 2568 = -r. What are the prime factors of r?
31, 83
Let f(u) = 56 - 13 + u + 14 + 4*u. List the prime factors of f(29).
2, 101
Let n be (-20)/(-50) - (-2 + (-332)/(-5)). Let s = 64 + n. Suppose s = -16*m + 4*m + 1272. What are the prime factors of m?
2, 53
Suppose 414*z - 1500 = 539*z. Suppose 2*c = -1 + 9. What are the prime factors of 4 + z/c + 93?
2, 47
Suppose -4*l = -2*z + 16648, -15*z + 2*l - 41572 = -20*z. List the prime factors of z.
2, 3, 7, 11
Let r be (-331 - -338) + 1/((-2)/12). What are the prime factors of r - (9/(-12) + 3354/(-8))?
421
Let u(g) = g**3 - 3*g**2 - 1. Let w be u(3). Let h be (36/15)/(38/40 + w). Let p = h - -68. List the prime factors of p.
2, 5
Let x = 22 - 28. Let w be (1 + (-55)/25)*20/x. Suppose 4*z + c - 440 = 0, -w*c - 330 = -3*z - c. What are the prime factors of z?
2, 5, 11
Suppose 0 = -59*m + 57*m + 10. Suppose -m*c - 7*c = -1128. List the prime factors of c.
2, 47
Suppose -20*p + 21056 = -4*p. Suppose -8*j + 4732 - p = 0. List the prime factors of j.
7, 61
Let d = -248 + 257. Suppose -d*n - 814 = -11821. List the prime factors of n.
1223
Suppose -5023 + 1513 = -3*i. Suppose x + 304 - 70 = -2*v, 5*x + 4*v = -i. Let a = -152 - x. List the prime factors of a.
2, 41
Suppose -15 = -6*w + 15. Let p be 0*(w - 55/10). What are the prime factors of (p + 3)/(-9 - -3 - -7)?
3
Let s be -1 + 5 + 2 - 1. Suppose s*j - 2447 = 2*f, 2*j - f - 962 = 4*f. List the prime factors of j.
491
Suppose -3*l + 5*l = 3*a + 3, -12 = -l - 2*a. List the prime factors of 4/l - (1400/(-6) - -5).
229
Let a(d) = -1000*d + 1564. What are the prime factors of a(-5)?
2, 3, 547
Let k be (-8)/28 - (-40)/(-7). Let z(n) = 3*n**2 + 4. Let f(d) = -3*d**2 - d - 5. Let s(r) = -4*f(r) - 3*z(r). What are the prime factors of s(k)?
2, 23
What are the prime factors of (-3 + 4)*(68271 - -253)?
2, 37, 463
Suppose -5*n + 33 = -4*x, -x + 2*x = 4*n - 22. Suppose 0 = -3*j - j + 1112. Suppose j = 3*a + c + 4*c, -298 = -3*a + n*c. List the prime factors of a.
2, 3
Let y(w) = -40*w + 6. Let n = 55 + -51. Let q be y(n). Let t = q - -256. What are the prime factors of t?
2, 3, 17
Let m(p) = -565*p. Let g be m(-6). What are the prime factors of 23/(115/g) + 5?
683
Let n be (-2 - -4)/2*(-2 + 5). Suppose -43 = -5*v - p, n*v = p + 21 - 0. List the prime factors of 3952/60 + v/60.
2, 3, 11
Let d(i) = -13*i**2 - 30*i + 74 - 6*i + 16*i**2. List the prime factors of d(17).
7, 47
Suppose -4*p = 2*w, 4*w = -5*p + 2*w + 1. Let n be (p + 212 + -2)*(6 - 4). Suppose -3*g - 134 = -n. What are the prime factors of g?
2, 3
Let q(f) be the third derivative of -f**3 + 0 + 0*f + 1/2*f**4 - 3*f**2. List the prime factors of q(3).
2, 3, 5
Let j = 255 - 268. Let w(p) = -53*p + 57. List the prime factors of w(j).
2, 373
Suppose 901*b - 896*b - 4*g - 9073 = 0, 4*b + 4*g - 7208 = 0. What are the prime factors of b?
3, 67
Let u(m) = -m**3 - 5*m + 20 - 11*m - 10*m**2 - 9. Let p be u(-10). Let g = -96 + p. List the prime factors of g.
3, 5
Let v = 9280 - -1504. What are the prime factors of v?
2, 337
Let g = 33666 + -19886. List the prime factors of g.
2, 5, 13, 53
List the prime factors of (-130 - 11337)/(2 - (-6)/(-2)).
11467
Suppose 311 = 10*f + 71. Let u = -25 + f. List the prime factors of (33/(-22))/((-59)/(-60) + u).
2, 3, 5
What are the prime factors of 2296377/1224*16/6?
5003
Let k(z) = 17*z - 30. Suppose -6 = -2*d + d. Let h be k(d). Suppose -3*s = -h - 90. List the prime factors of s.
2